t is the highest common factor of 24 and c?
8
Let r = 94 + -47. What is the greatest common divisor of 188 and r?
47
Let n(d) = -d - d + 21 - 5*d + 6*d. Let o be n(9). Suppose 2*s - 19 - 29 = 0. Calculate the greatest common factor of o and s.
12
Let o(d) be the second derivative of -2/3*d**3 - 3*d - 1/12*d**4 + 0 + 0*d**2. Let w be o(-2). Calculate the highest common divisor of w and 8.
4
Let u(q) = q**2 + 5*q + 8. Let z(a) = a**2 + 4*a - 2. Let d be z(-4). Let v = -8 - d. Let b be u(v). Calculate the highest common divisor of 112 and b.
14
Let d = -45 - -85. Let l be d*((-7)/(-4) + -1). Suppose 5*j + 5 = l. What is the highest common factor of j and 5?
5
Let k = 4 + -2. Suppose 0*v = -2*v - k. Let w be 0 + (-18)/3*v. Calculate the greatest common divisor of 9 and w.
3
Let o be 1 - (0 + 2) - -1. Suppose 0 = -2*f - o*l + 3*l + 225, -4*l + 12 = 0. Calculate the greatest common factor of f and 13.
13
Let g(r) = 69*r + 1. Suppose -2*o = 3*o - 5. Let m be g(o). Let u = -33 + 61. What is the greatest common factor of m and u?
14
Suppose -q - j + 2 = 0, 5*j + 0 = 2*q - 11. Let o(x) = -x**3 + 4*x**2 + 6*x - 2. Let v be o(5). Calculate the greatest common factor of v and q.
3
Let u(s) = -s**3 + 3*s**2 + 5*s. Let i be u(4). Let f(w) = -28*w. Let p be f(-1). Calculate the highest common factor of i and p.
4
Let c be (-2)/(-6) - 325/(-15). Calculate the greatest common factor of 154 and c.
22
Let k be 4/6*(7 + -1). Suppose -2*w - 3*m = -9, k*m - 8 = -2*w + 4. Suppose -y - 3*y + 72 = w. Calculate the highest common divisor of y and 36.
18
Let a be 1401/6 - (-12)/(-16)*2. Calculate the highest common factor of a and 29.
29
Suppose -2*o + 3*k = -o - 18, 22 = o - 4*k. Suppose -4*y = 2*z - 4, 3*y - 3*z + 6 = -0. Let i = y + o. Calculate the highest common factor of 6 and i.
6
Let y be ((-19)/2)/(5/(-10)). Let k(i) = -2*i - 3. Let n be k(-4). Let l = n + y. Calculate the highest common divisor of l and 8.
8
Let r = -11 + 16. Suppose 12 = r*l - 28. What is the highest common factor of l and 4?
4
Let d = -3 + -3. Let l(z) = z**2 + 2*z - 6. Let w be l(d). Suppose 3*i + 26 = 161. Calculate the highest common divisor of i and w.
9
Let u(c) = -3*c**3 + 2*c**2 - c**2 - 48*c**3 - 52*c**3. Let s be ((-2 + 1)*1)/1. Let n be u(s). Calculate the highest common divisor of 13 and n.
13
Suppose 0 = 4*b + 12, -4*t - 3*b - 9 = -4*b. Let s = t - -5. Suppose -2*j - 4*u = -22, -3*u + 4*u - 5 = 0. Calculate the greatest common divisor of s and j.
1
Let c = -88 - -90. Suppose 10*g = 4*a + 5*g + 37, 5 = g. Let f(q) = q + 5. Let m be f(a). What is the greatest common divisor of c and m?
2
Let t = 4 - 1. Suppose -c = -t, -2*n - 5*c + 16 = -n. Suppose 5*g + 0*b = 3*b + 14, 4*b - 28 = -5*g. Calculate the greatest common divisor of g and n.
1
Suppose -2*i + 94 + 32 = 0. Let f = i + -45. Suppose 5*k = f + 42. What is the greatest common factor of k and 132?
12
Let i = 18 - -14. What is the greatest common divisor of i and 4?
4
Let o = -5 + 10. Suppose 15 = o*t + 5*w, -t + 15 = -2*w + 3. Let a be 2/6*(3 + t). Calculate the greatest common factor of a and 9.
3
Let l(i) = 46*i**2 - i - 2. Let z be l(-2). Suppose 880 = 5*k + 4*x, 2*k - 171 = -x + z. Calculate the highest common divisor of 20 and k.
20
Let z(f) = -f**3 - f + 103. Let u be z(0). Suppose b + 3*s = -0*b + 29, 2*b - 3*s = u. Suppose -22 = -v - 11. Calculate the greatest common factor of v and b.
11
Let q(x) = 2*x**2 + 6*x - 3. Let y be q(5). Suppose 3*j - j = 22. What is the greatest common divisor of j and y?
11
Let j = 16 + -9. Suppose -5*d + j + 23 = 0. What is the highest common divisor of 2 and d?
2
Suppose -4*r + 770 = 7*r. Calculate the greatest common divisor of r and 14.
14
Let f(g) = -g**3 + 9*g**2 + 12*g - 14. Let o be f(10). What is the greatest common factor of 21 and o?
3
Let c be (1/2)/((-8)/(-576)). What is the greatest common divisor of c and 54?
18
Suppose -4*i = -0*v - 2*v - 468, v = -2*i + 226. Suppose x - 2*x + i = -4*t, -2*x = -t - 237. What is the highest common divisor of 17 and x?
17
Suppose 4*n = 3*l + 6, 2*n + 0 + 2 = 4*l. Let k(q) = 0*q**2 + 34 + q - q**2 + l*q**2 + 5. Let t be k(0). What is the highest common divisor of t and 13?
13
Suppose 3*g - 4*d = 166, -3*g + 8*g - 315 = -d. Let w(q) = 92*q + 1. Let r be w(1). Calculate the greatest common factor of r and g.
31
Suppose -16 = 2*s + 2*s. Suppose -19 = 5*m - 59. Let z = m + s. Calculate the greatest common factor of z and 28.
4
Let t(r) = r**2 + 5*r + 7. Suppose -12 = 2*o - 2. Let s be t(o). Suppose -2*g + 17 = s. Calculate the highest common factor of 20 and g.
5
Suppose 0 = 2*k + x + 4*x - 17, 3*x = -3*k + 21. Suppose 3*t - 237 = -2*t - 3*d, 4*t - 195 = 3*d. What is the greatest common factor of k and t?
6
Let w(f) = f**2 + f**2 - f**2 + 5 - 2*f. Let o be w(5). Calculate the greatest common factor of 160 and o.
20
Suppose 13 = 4*u - 7. Let c(l) = l**3 - 5*l**2. Let y be c(u). Let a be 48 + y + (2 - 1). What is the highest common divisor of 7 and a?
7
Let v(w) = -26*w - 88. Let z be v(-4). Let g = 17 - -111. Calculate the greatest common divisor of g and z.
16
Let h(x) = -8*x**3 - 12*x**2 + 0 + 9*x**3 + 6. Let w be h(12). What is the highest common factor of 15 and w?
3
Let d(i) = -i**3 - 3*i**2 - i + 1. Let c be d(-4). Calculate the highest common factor of c and 21.
21
Let o(j) = -3*j + 7. Let k be o(-3). Let z be (-1)/(-1) + 5*3. What is the greatest common factor of z and k?
16
Let d(k) = -k - 13. Let j be d(-5). Let p be ((-4)/j)/((-1)/(-2)). What is the greatest common divisor of p and 8?
1
Let m(g) = g**2 - 3*g - 8. Let i be m(-8). Let l = -10 - -14. Suppose 0 = -l*t - 3 + 43. Calculate the greatest common factor of t and i.
10
Let j(w) = 5*w**2 + 12*w + 5. Let c(q) = q**2 + q. Let t(o) = 4*c(o) - j(o). Let r be t(-5). Calculate the highest common factor of 100 and r.
10
Let h(t) = 5*t + 1. Let a be h(2). Let r = -71 + 117. Let g = r + -13. Calculate the greatest common factor of g and a.
11
Suppose 3 = -5*q - 2. Let r be (-2)/q - (2 - 7). Let n be (-168)/(-84) - (2*-37 - 1). Calculate the highest common factor of n and r.
7
Let b = 15 + -9. Suppose -7 = -5*q + 8. Let k be 1 + (1 - 3) + q. Calculate the greatest common divisor of k and b.
2
Let b = -5 + 7. Let w be 6/3 + (0 - -1). Let l = w - b. Calculate the greatest common divisor of l and 8.
1
Suppose 0 = -4*v - 20, -7*d + 3*v + 90 = -2*d. Calculate the highest common divisor of 195 and d.
15
Suppose -h = h - 10. Suppose 19 = n - h. Calculate the greatest common factor of 6 and n.
6
Suppose -5*y + 16 = -34. Let b(p) = -7*p + 5. Let n be b(-5). What is the highest common divisor of n and y?
10
Suppose 0 = 5*k - k + 4*z - 412, k - 94 = 2*z. What is the greatest common divisor of 25 and k?
25
Let o be (-380)/(-2) + (0 - -2). Suppose -m + 39 = 15. What is the highest common factor of o and m?
24
Suppose j + 39 - 124 = 0. Let h(r) = -13*r - 31. Let p be h(-5). What is the highest common divisor of j and p?
17
Let x(v) = -v**3 + v**2 + v + 11. Let q be x(0). Calculate the highest common divisor of q and 11.
11
Suppose -4*w + 4*f - 257 = 171, 0 = -f. Let k = w + 227. Calculate the highest common factor of k and 15.
15
Let o(c) = 4*c**2 - 1 + 4 + 0 + 4*c. Let k be o(-4). Suppose -12 = -q + 4*w, -3*w = 3*q - 0*w - k. Calculate the greatest common factor of 8 and q.
8
Let d = 110 - 95. Calculate the greatest common divisor of d and 75.
15
Let a(i) = i**2 + 12*i - 13. Let k be a(-13). Let o be (-3)/((-9)/48) - k. Calculate the highest common divisor of o and 16.
16
Suppose -25 = -3*x - 2*v, 3*v + 30 = 3*x + 6*v. Calculate the greatest common factor of x and 5.
5
Let n = 14 + 1. What is the highest common divisor of n and 45?
15
Suppose -3*w + 2*a = -3 + 17, -12 = -3*a. Let j be 2*-1 - -35 - w. What is the highest common factor of j and 7?
7
Let d be 44 + (2 + 1 - 2). Suppose y + 3*x + 1 + 6 = 0, -2*y - x + 6 = 0. What is the greatest common divisor of y and d?
5
Suppose 0 = 5*z + 314 + 11. Let c = z - -105. Calculate the greatest common factor of 16 and c.
8
Suppose -2*n + 1254 + 156 = 5*t, 4*n - 20 = 0. Suppose -2*y + 7*y = t. Calculate the highest common divisor of y and 8.
8
Let v(f) = f**2 - f - 3. Let q be v(-6). Suppose q = 3*r - 30. What is the greatest common factor of r and 46?
23
Let l